et x(z) = 0*z + 9*z + 5*z - 2*z + 10. List the prime factors of x(5).
2, 5, 7
Suppose 14*l - 16*l + m + 1123 = 0, -5*l + 5*m + 2820 = 0. List the prime factors of l.
13, 43
Suppose 0*m + 2*m + 52 = 0. Let a = 38 + m. Let c = a - 0. What are the prime factors of c?
2, 3
Suppose -2704 = -5*m + m - j, 4*m - 2704 = -3*j. List the prime factors of m.
2, 13
Let m(y) = -10*y - 32 - 19 + 2*y + 4*y. What are the prime factors of m(-15)?
3
Let b(c) = -1425*c**3 - 2*c**2 + c + 2. What are the prime factors of b(-1)?
2, 89
Let j(l) = 3*l**3 + 7*l**2 + 4*l - 22. What are the prime factors of j(6)?
2, 11, 41
Suppose 3*d - 6*d - 57 = 3*a, d + 99 = -5*a. Let x = 45 + a. List the prime factors of x.
5
Let k(v) = 14*v**2 + 9*v**2 + 1 - 2 - 6*v - 4. What are the prime factors of k(-3)?
2, 5, 11
Let b = -203 + 60. Let a = -35 - b. List the prime factors of a.
2, 3
Suppose 0 = -3*a - 8 + 11. Suppose -n - a = -39. Suppose -14 + n = 3*u. List the prime factors of u.
2
Let n(s) = -3*s - 5. Let o = -32 - -18. Let r be n(o). Suppose 0*l + k + r = 4*l, -2*k - 34 = -4*l. List the prime factors of l.
2, 5
Suppose -3*p = -2*d - 5*p - 2, d = -2*p - 6. Suppose -3*n = -3*w + 249, d*w - 78 - 286 = -4*n. What are the prime factors of w?
3, 29
Let t(v) = -v**2 + 13*v - 8. Let k be t(12). Suppose -174 = -2*l + 5*i - k*i, 2*i = l - 93. List the prime factors of l.
5, 17
Suppose -6*l = -0 - 66. Suppose 5*a - l*a = -6. What are the prime factors of (a - -1) + 11 + 16?
29
Suppose 3*m = -c + 11, 3*m - 2*c + 2 = -2. Suppose -4*j + 306 = q, -5*j - m*q + 5*q + 391 = 0. What are the prime factors of j?
7, 11
Suppose 0*x = 2*x + 624. Let o = x + 560. List the prime factors of o.
2, 31
Let f(v) = v**2 - 2*v. Let n be f(3). Suppose y - n*d - 22 = 0, -4*d = -5*y - 0*y + 66. Suppose -2*g = -12 - y. List the prime factors of g.
11
Suppose -3*w - w + 36 = 5*u, 3*u - 8 = w. Suppose -3*n = -4*v + 2*n + 23, -u*v = 4*n + 4. Suppose -v + 6 = 2*f. List the prime factors of f.
2
Suppose 13 = 5*v - 77. Suppose 14*r = v*r. Suppose 0 = -4*n + 3*t - 8*t + 32, r = 5*n - 2*t - 7. List the prime factors of n.
3
Let x = 18 + -20. Let a = x + 5. Suppose 4*r = -a*r + 140. What are the prime factors of r?
2, 5
Suppose -62 = -q + w, 2*q - q = 5*w + 58. List the prime factors of q.
3, 7
Let y be 23/3 + 5/15. What are the prime factors of ((-114)/y)/(9/(-60))?
5, 19
Suppose 153*s - 148*s = 4550. What are the prime factors of s?
2, 5, 7, 13
Suppose -3918 = -4*u + 3*x, -5*u - 8*x + 4897 = -12*x. List the prime factors of u.
3, 109
Suppose r - 6 = -2*r. Suppose 5*z = -n - 45, n - r*z + 64 = -16. List the prime factors of 3/(-9) - n/3.
23
Suppose -2*v + 73 = -5*n, 5*n + 1 + 0 = -v. Let u be 104/v - 1/3. Suppose t + 69 = u*t. What are the prime factors of t?
23
Let c = 4 - 1. Suppose i + c*i - 8 = 0. Suppose 0 = -0*v + 4*v + i*s - 238, -3*s = 2*v - 121. What are the prime factors of v?
59
Let v(l) = -3*l - 14. Let k be v(-16). Suppose -k - 382 = -4*w. What are the prime factors of w?
2, 13
Let k(j) = -j**3 - 2*j**2 + 5*j - 10. Let x be k(-4). Suppose -x*g - 7*m + 44 = -2*m, -2*m - 139 = -5*g. What are the prime factors of g?
3
Suppose -18*c + 7 = -19*c. Let z(p) be the third derivative of p**5/60 + p**4/3 + 3*p**3/2 - p**2. What are the prime factors of z(c)?
2
Suppose 57*q = 61*q - 15028. What are the prime factors of q?
13, 17
Let m(f) = -f**2 + 37*f + 13. List the prime factors of m(22).
7
Suppose -x + 6 = -7*x. List the prime factors of (7 - (8 - 0))/(x/98).
2, 7
Let u be (104/(-10))/((1 + -4)/15). List the prime factors of 3 - (2 - (1 + u)).
2, 3
Suppose -414 = 3*s - 162. Let c = -70 - s. What are the prime factors of c?
2, 7
Suppose -2*m - 4*z = 440 - 1232, -4*m + 4*z = -1620. List the prime factors of m.
2, 3, 67
Let m = -11 + 8. Let r = 5 + m. Suppose -r*x + 5*x = 42. What are the prime factors of x?
2, 7
Suppose -99 = 10*j - 29. Let q = j - -150. List the prime factors of q.
11, 13
Suppose 6*a + 4 = -20. Let w(r) = r**3 + 6*r - 9. Let i(b) = b**3 + b**2 + 5*b - 8. Let x(f) = 6*i(f) - 5*w(f). What are the prime factors of x(a)?
29
Suppose -3*k - 3*w + 0 = 3, 4*k = 4*w + 20. Suppose -396 = -4*g - 2*s - k*s, -186 = -2*g + 4*s. What are the prime factors of g?
97
Let s(c) = 5*c**2 - c + 8. Let y be s(-6). Suppose 2*h = h - y. List the prime factors of (-2)/5 + h/(-10).
19
Let r(u) be the third derivative of u**5/60 - 9*u**2. Let i be r(2). Suppose n + 156 = i*n. What are the prime factors of n?
2, 13
Suppose -7*t - 6*t + 6344 = 0. What are the prime factors of t?
2, 61
Let j = -202 + 918. List the prime factors of j.
2, 179
Let j be ((-2)/(-6))/((-12)/(-180)). Let p = 101 - j. What are the prime factors of p?
2, 3
Let x = 47 + 2402. List the prime factors of x.
31, 79
Let m(k) = 6*k - 44. Let g be m(8). Suppose -5*t = -g*l + 230, -2*l = 3*t + t - 102. What are the prime factors of l?
5, 11
Suppose -5*k = 222 - 302. Let t(m) = m**2 - m + 5. Let s be t(0). Suppose -s*g = -6*g + k. What are the prime factors of g?
2
Let b(m) = 2*m**2 - 7*m - 7. Let v(s) = -3*s**2 + 13*s + 15. Let k(c) = 5*b(c) + 3*v(c). What are the prime factors of k(-8)?
2, 3, 7
Let v(t) be the first derivative of -t + 1/4*t**4 - 4 + 10/3*t**3 - 3/2*t**2. What are the prime factors of v(-10)?
29
Suppose -2*o = -2*f - f + 384, -4*f + 523 = o. Let g = f + -54. List the prime factors of g.
2, 19
Let r = 19 - 35. Let t = 32 + r. Let g = t - 13. List the prime factors of g.
3
Let v(l) = 131*l + 13. Let h(u) = 328*u + 32. Let r(s) = -5*h(s) + 12*v(s). List the prime factors of r(-2).
2, 3, 11
Let f be (-1)/((-132)/(-135) - 1). Let q(p) = -p**3 - 6*p**2 + 2*p + 17. Let b be q(-6). Let i = b + f. What are the prime factors of i?
2, 5
Suppose -2*y = 2*r - 4088, -5*y - 2*r = -15370 + 5147. What are the prime factors of y?
5, 409
Suppose d - 12 = -3*d. Suppose -7*f = -d*f - 16. Suppose -f*z - 11 = -79. List the prime factors of z.
17
Let l be (-414)/(-21) - (-2)/7. Let n = l + -16. Suppose a + 4*d - 32 = 0, -2*a + d = -n*d - 90. List the prime factors of a.
2, 5
Let o(f) = f**3 - 3*f**2 + f - 3. Let k be o(3). Suppose -4*c + 2*p + 18 = k, 3*c = 4*p + 8 + 3. Suppose -c*b + 8 = -b. List the prime factors of b.
2
Suppose -g - 4*g - 5 = 0, 4*g - 4 = 4*l. Let a be l/(-4) - (-3)/(-6). Suppose 4*v - 84 = -p, 2*p = -a*v + 5*v - 105. List the prime factors of v.
3, 7
Let r(d) = 60*d**3 - d**2. Let s be r(1). Let b = s + -14. List the prime factors of b.
3, 5
List the prime factors of 55/165 + (-1820)/(-3).
607
Let k(y) = 173*y**2 - 69*y - 264. What are the prime factors of k(-4)?
2, 5, 139
Suppose -n + 6*n - 2*c - 6030 = 0, n - 1198 = 2*c. List the prime factors of n.
2, 151
Let m(t) = -t**3 - 12*t**2 + 13*t - 11. List the prime factors of m(-14).
199
Suppose 3*y = -2*r + 15, 8*r - 5*r = -y - 2. What are the prime factors of 0 - -52 - (7/y - 2)?
53
Suppose -147*k + 153*k - 972 = 0. List the prime factors of k.
2, 3
Suppose 25*v = 4269 + 9506. What are the prime factors of v?
19, 29
Let r(o) = 41*o**2 + 65*o - 534. List the prime factors of r(11).
2, 3, 857
Let o = -33 - -33. Suppose 0*g + 6*g = o. Let b(t) = -t**2 + 60. What are the prime factors of b(g)?
2, 3, 5
Let o = 354 + 468. What are the prime factors of o?
2, 3, 137
Let w(p) be the third derivative of p**3 + 0 + 4*p**2 + 0*p + 1/8*p**4. List the prime factors of w(8).
2, 3, 5
Let a(m) be the first derivative of m**3/3 - m**2/2 - m - 1. Let u = 242 - 236. What are the prime factors of a(u)?
29
Let x = -43 - -28. Let t(d) = d + 19. Let o be t(x). Suppose -y + 27 = -3*a, 0*y + o*a = 3*y - 56. What are the prime factors of y?
2, 3
Let g be 4 - 2 - (-1 - -1). Suppose 0 = -k - 28 + 25. What are the prime factors of (k - 1) + 80/g?
2, 3
Let i(d) = d**3 - 4*d**2 - 5*d + 17. Let t be i(7). Let v = t - 81. List the prime factors of v.
2, 3
Let o(r) be the third derivative of r**6/40 - r**5/20 - r**4/12 - r**3/6 + 16*r**2. What are the prime factors of o(3)?
47
Suppose 136*s = 141*s - 9525. List the prime factors of s.
3, 5, 127
Suppose -19*h - 696 + 3812 = 0. List the prime factors of h.
2, 41
Suppose 4*l - 264 = -36. Suppose -2*v + l = v. Let w = 53 - v. List the prime factors of w.
2, 17
Let y = -4 + -13. Let i(s) = s + 17. Let g be i(y). Suppose -3*c - z + g*z = -93, -36 = -c - 2*z. List the prime factors of c.
2,